{"id":61582,"date":"2026-01-14T16:33:21","date_gmt":"2026-01-14T16:33:21","guid":{"rendered":"https:\/\/european-naturopathic-congress.com\/?page_id=61582"},"modified":"2026-01-14T19:08:17","modified_gmt":"2026-01-14T19:08:17","slug":"estrategia-armonizacion-de-la-formacion","status":"publish","type":"page","link":"https:\/\/european-naturopathic-congress.com\/index.php\/comite-europeo-naturopatia\/documentos-comite\/estrategia-armonizacion-de-la-formacion\/","title":{"rendered":"Estrategia Armonizaci\u00f3n de la Formaci\u00f3n"},"content":{"rendered":"\t\t<div data-elementor-type=\"wp-page\" data-elementor-id=\"61582\" class=\"elementor elementor-61582\">\n\t\t\t\t<div class=\"elementor-element elementor-element-2ff8c5b e-flex e-con-boxed e-con e-parent\" data-id=\"2ff8c5b\" data-element_type=\"container\">\n\t\t\t\t\t<div class=\"e-con-inner\">\n\t\t\t\t<div class=\"elementor-element elementor-element-0008df1 elementor-widget elementor-widget-heading\" data-id=\"0008df1\" data-element_type=\"widget\" data-widget_type=\"heading.default\">\n\t\t\t\t<div class=\"elementor-widget-container\">\n\t\t\t\t\t<h2 class=\"elementor-heading-title elementor-size-default\">Estrategia de Armonizaci\u00f3n Formativa: La Naturopat\u00eda y el Espacio Europeo de Educaci\u00f3n Superior (EEES)<\/h2>\t\t\t\t<\/div>\n\t\t\t\t<\/div>\n\t\t\t\t\t<\/div>\n\t\t\t\t<\/div>\n\t\t<div class=\"elementor-element elementor-element-d44da20 e-flex e-con-boxed e-con e-parent\" data-id=\"d44da20\" data-element_type=\"container\">\n\t\t\t\t\t<div class=\"e-con-inner\">\n\t\t\t\t<div class=\"elementor-element elementor-element-ab43429 elementor-widget elementor-widget-text-editor\" data-id=\"ab43429\" data-element_type=\"widget\" data-widget_type=\"text-editor.default\">\n\t\t\t\t<div class=\"elementor-widget-container\">\n\t\t\t\t\t\t\t\t\t<p><strong>Documento de Posici\u00f3n del Comit\u00e9 Europeo de la Profesi\u00f3n Naturop\u00e1tica (CEPRONA)<\/strong><\/p>\t\t\t\t\t\t\t\t<\/div>\n\t\t\t\t<\/div>\n\t\t\t\t\t<\/div>\n\t\t\t\t<\/div>\n\t\t<div class=\"elementor-element elementor-element-93bee21 e-flex e-con-boxed e-con e-parent\" data-id=\"93bee21\" data-element_type=\"container\">\n\t\t\t\t\t<div class=\"e-con-inner\">\n\t\t\t\t<div class=\"elementor-element elementor-element-68275af elementor-widget elementor-widget-n-accordion\" data-id=\"68275af\" data-element_type=\"widget\" data-settings=\"{&quot;default_state&quot;:&quot;expanded&quot;,&quot;max_items_expended&quot;:&quot;one&quot;,&quot;n_accordion_animation_duration&quot;:{&quot;unit&quot;:&quot;ms&quot;,&quot;size&quot;:400,&quot;sizes&quot;:[]}}\" data-widget_type=\"nested-accordion.default\">\n\t\t\t\t<div class=\"elementor-widget-container\">\n\t\t\t\t\t\t\t<div class=\"e-n-accordion\" aria-label=\"Accordion. Open links with Enter or Space, close with Escape, and navigate with Arrow Keys\">\n\t\t\t\t\t\t<details id=\"e-n-accordion-item-1090\" class=\"e-n-accordion-item\" open>\n\t\t\t\t<summary class=\"e-n-accordion-item-title\" data-accordion-index=\"1\" tabindex=\"0\" aria-expanded=\"true\" aria-controls=\"e-n-accordion-item-1090\" >\n\t\t\t\t\t<span class='e-n-accordion-item-title-header'><div class=\"e-n-accordion-item-title-text\"> 1. Introducci\u00f3n: La V\u00eda a la Profesionalizaci\u00f3n Plena <\/div><\/span>\n\t\t\t\t\t\t\t<span class='e-n-accordion-item-title-icon'>\n\t\t\t<span class='e-opened' ><i aria-hidden=\"true\" class=\"fas fa-minus\"><\/i><\/span>\n\t\t\t<span class='e-closed'><i aria-hidden=\"true\" class=\"fas fa-plus\"><\/i><\/span>\n\t\t<\/span>\n\n\t\t\t\t\t\t<\/summary>\n\t\t\t\t<div role=\"region\" aria-labelledby=\"e-n-accordion-item-1090\" class=\"elementor-element elementor-element-adea0f8 e-con-full e-flex e-con e-child\" data-id=\"adea0f8\" data-element_type=\"container\">\n\t\t<div role=\"region\" aria-labelledby=\"e-n-accordion-item-1090\" class=\"elementor-element elementor-element-43f94ed e-flex e-con-boxed e-con e-child\" data-id=\"43f94ed\" data-element_type=\"container\">\n\t\t\t\t\t<div class=\"e-con-inner\">\n\t\t\t\t<div class=\"elementor-element elementor-element-6032d46 elementor-widget elementor-widget-text-editor\" data-id=\"6032d46\" data-element_type=\"widget\" data-widget_type=\"text-editor.default\">\n\t\t\t\t<div class=\"elementor-widget-container\">\n\t\t\t\t\t\t\t\t\t<p>El Comit\u00e9 Europeo de la Profesi\u00f3n Naturop\u00e1tica (CEPRONA) reafirma su compromiso con la excelencia formativa como el pilar fundamental para el reconocimiento legal y social de la Naturopat\u00eda a nivel continental. El camino hacia la plena integraci\u00f3n profesional pasa inevitablemente por la <strong>armonizaci\u00f3n de los curr\u00edculums formativos<\/strong> bajo est\u00e1ndares rigurosos y mutuamente reconocidos.<\/p><p>\u00a0<\/p><p>El Comit\u00e9 Europeo de la Profesi\u00f3n Naturop\u00e1tica (CEPRONA) se compromete firmemente a impulsar la consolidaci\u00f3n y el reconocimiento legal de la Naturopat\u00eda en Europa. El pilar fundamental de esta estrategia es la adopci\u00f3n del <strong>Proceso de Bolonia<\/strong> como el marco exclusivo para la formaci\u00f3n de los Natur\u00f3patas.<\/p><p>\u00a0<\/p><p>En este contexto, el <strong>Acuerdo de Bolonia<\/strong> (o Proceso de Bolonia) no es solo un marco educativo, sino la herramienta estrat\u00e9gica esencial para la consolidaci\u00f3n de la Naturopat\u00eda dentro del <strong>Espacio Europeo de Educaci\u00f3n Superior (EEES)<\/strong>.<\/p>\t\t\t\t\t\t\t\t<\/div>\n\t\t\t\t<\/div>\n\t\t\t\t\t<\/div>\n\t\t\t\t<\/div>\n\t\t\t\t<\/div>\n\t\t\t\t\t<\/details>\n\t\t\t\t\t\t<details id=\"e-n-accordion-item-1091\" class=\"e-n-accordion-item\" >\n\t\t\t\t<summary class=\"e-n-accordion-item-title\" data-accordion-index=\"2\" tabindex=\"-1\" aria-expanded=\"false\" aria-controls=\"e-n-accordion-item-1091\" >\n\t\t\t\t\t<span class='e-n-accordion-item-title-header'><div class=\"e-n-accordion-item-title-text\"> 2. El Proceso (Acuerdo) de Bolonia: Un Marco de Convergencia Acad\u00e9mica <\/div><\/span>\n\t\t\t\t\t\t\t<span class='e-n-accordion-item-title-icon'>\n\t\t\t<span class='e-opened' ><i aria-hidden=\"true\" class=\"fas fa-minus\"><\/i><\/span>\n\t\t\t<span class='e-closed'><i aria-hidden=\"true\" class=\"fas fa-plus\"><\/i><\/span>\n\t\t<\/span>\n\n\t\t\t\t\t\t<\/summary>\n\t\t\t\t<div role=\"region\" aria-labelledby=\"e-n-accordion-item-1091\" class=\"elementor-element elementor-element-ccb9021 e-con-full e-flex e-con e-child\" data-id=\"ccb9021\" data-element_type=\"container\">\n\t\t<div role=\"region\" aria-labelledby=\"e-n-accordion-item-1091\" class=\"elementor-element elementor-element-41ca289 e-flex e-con-boxed e-con e-child\" data-id=\"41ca289\" data-element_type=\"container\">\n\t\t\t\t\t<div class=\"e-con-inner\">\n\t\t\t\t<div class=\"elementor-element elementor-element-6c230f3 elementor-widget elementor-widget-text-editor\" data-id=\"6c230f3\" data-element_type=\"widget\" data-widget_type=\"text-editor.default\">\n\t\t\t\t<div class=\"elementor-widget-container\">\n\t\t\t\t\t\t\t\t\t<p>El Proceso de Bolonia, iniciado en 1999, culmin\u00f3 con la creaci\u00f3n del <strong>Espacio Europeo de Educaci\u00f3n Superior (EEES)<\/strong>. Este espacio no solo busca la convergencia de los sistemas educativos, sino que establece un est\u00e1ndar de calidad, transparencia y comparabilidad esencial para la movilidad profesional, objetivos que CEPRONA asume como propios para el Natur\u00f3pata europeo.<\/p><p>\u00a0<\/p><p>Su objetivo es armonizar y estandarizar los sistemas universitarios en Europa, facilitando la movilidad de estudiantes y profesionales y elevando la calidad y empleabilidad de los t\u00edtulos. Este proceso ha modernizado la educaci\u00f3n superior, centr\u00e1ndola en el estudiante y la adquisici\u00f3n de competencias profesionales.<\/p><p>\u00a0<\/p><table><tbody><tr><td colspan=\"2\" width=\"661\"><p><strong>Objetivos Principales<\/strong><\/p><\/td><\/tr><tr><td width=\"198\"><p><strong>Estandarizaci\u00f3n<\/strong><\/p><\/td><td width=\"463\"><p>Crear un marco com\u00fan de t\u00edtulos acad\u00e9micos reconocido en toda Europa.<\/p><p>\u00a0<\/p><\/td><\/tr><tr><td width=\"198\"><p><strong>Movilidad<\/strong><\/p><\/td><td width=\"463\"><p>Facilitar la libre circulaci\u00f3n de estudiantes, profesores e investigadores entre los pa\u00edses europeos<\/p><\/td><\/tr><tr><td width=\"198\"><p><strong>Calidad<\/strong><\/p><\/td><td width=\"463\"><p>Implementar sistemas rigurosos de garant\u00eda de calidad y promover enfoques pedag\u00f3gicos modernos<\/p><\/td><\/tr><tr><td width=\"198\"><p><strong>Empleabilidad<\/strong><\/p><\/td><td width=\"463\"><p>Conectar de manera efectiva la formaci\u00f3n superior con el mundo laboral, enfoc\u00e1ndose en el desarrollo de competencias pr\u00e1cticas y la inclusi\u00f3n de pr\u00e1cticas obligatorias<\/p><\/td><\/tr><\/tbody><\/table>\t\t\t\t\t\t\t\t<\/div>\n\t\t\t\t<\/div>\n\t\t\t\t\t<\/div>\n\t\t\t\t<\/div>\n\t\t\t\t<\/div>\n\t\t\t\t\t<\/details>\n\t\t\t\t\t\t<details id=\"e-n-accordion-item-1092\" class=\"e-n-accordion-item\" >\n\t\t\t\t<summary class=\"e-n-accordion-item-title\" data-accordion-index=\"3\" tabindex=\"-1\" aria-expanded=\"false\" aria-controls=\"e-n-accordion-item-1092\" >\n\t\t\t\t\t<span class='e-n-accordion-item-title-header'><div class=\"e-n-accordion-item-title-text\"> 3. Los Pilares del Proceso de Bolonia aplicados a la Naturopat\u00eda <\/div><\/span>\n\t\t\t\t\t\t\t<span class='e-n-accordion-item-title-icon'>\n\t\t\t<span class='e-opened' ><i aria-hidden=\"true\" class=\"fas fa-minus\"><\/i><\/span>\n\t\t\t<span class='e-closed'><i aria-hidden=\"true\" class=\"fas fa-plus\"><\/i><\/span>\n\t\t<\/span>\n\n\t\t\t\t\t\t<\/summary>\n\t\t\t\t<div role=\"region\" aria-labelledby=\"e-n-accordion-item-1092\" class=\"elementor-element elementor-element-54ccfe6 e-con-full e-flex e-con e-child\" data-id=\"54ccfe6\" data-element_type=\"container\">\n\t\t<div role=\"region\" aria-labelledby=\"e-n-accordion-item-1092\" class=\"elementor-element elementor-element-d9e04fa e-flex e-con-boxed e-con e-child\" data-id=\"d9e04fa\" data-element_type=\"container\">\n\t\t\t\t\t<div class=\"e-con-inner\">\n\t\t\t\t<div class=\"elementor-element elementor-element-7f7c1a7 elementor-widget elementor-widget-text-editor\" data-id=\"7f7c1a7\" data-element_type=\"widget\" data-widget_type=\"text-editor.default\">\n\t\t\t\t<div class=\"elementor-widget-container\">\n\t\t\t\t\t\t\t\t\t<p>El marco del EEES se sostiene sobre tres pilares fundamentales que deben ser adoptados e implementados por toda la formaci\u00f3n Naturop\u00e1tica de alto nivel en Europa. La adopci\u00f3n del Marco de Bolonia introduce cambios estructurales y metodol\u00f3gicos que tambi\u00e9n son directamente aplicables a la profesionalizaci\u00f3n de la Naturopat\u00eda:<\/p><p>\u00a0<\/p><ol><li><strong>a) Estructura de 3 Ciclos y el Cr\u00e9dito ECTS<\/strong><\/li><\/ol><p><strong>\u00a0<\/strong><\/p><p>El sistema establece una estructura de tres ciclos que debe ser el espejo para la formaci\u00f3n Naturop\u00e1tica de alto nivel:<\/p><p>\u00a0<\/p><table><tbody><tr><td width=\"132\"><p>Primer Ciclo<\/p><\/td><td width=\"104\"><p><strong>Grado<\/strong><\/p><\/td><td width=\"425\"><p>Un primer ciclo (3-4 a\u00f1os) que establece las bases del conocimiento Naturop\u00e1tico y biom\u00e9dico.<\/p><\/td><\/tr><tr><td width=\"132\"><p>Segundo Ciclo<\/p><\/td><td width=\"104\"><p><strong>M\u00e1ster<\/strong><\/p><\/td><td width=\"425\"><p>Un segundo ciclo (1-2 a\u00f1os) enfocado en la especializaci\u00f3n profesional Naturop\u00e1tica avanzada<\/p><\/td><\/tr><tr><td width=\"132\"><p>Tercer Ciclo<\/p><\/td><td width=\"104\"><p><strong>Doctorado<\/strong><\/p><\/td><td width=\"425\"><p>Un tercer ciclo centrado en la investigaci\u00f3n y la generaci\u00f3n de conocimiento en Naturopat\u00eda.<\/p><\/td><\/tr><\/tbody><\/table><p><strong>\u00a0<\/strong><\/p><p><strong>A.1. La Estructura de Tres Ciclos<\/strong><\/p><p>\u00a0<\/p><p>El sistema de Bolonia estandariza las cualificaciones en una estructura de f\u00e1cil lectura y comparaci\u00f3n, crucial para un reconocimiento profesional paneuropeo:<\/p><p>\u00a0<\/p><ol><li>Primer Ciclo (Grado):<ul><li><strong>Funci\u00f3n:<\/strong> Proporcionar las bases del conocimiento Naturop\u00e1tico, Biom\u00e9dico y las competencias profesionales esenciales para la pr\u00e1ctica segura y responsable.<\/li><li><strong>Nivel de Cualificaci\u00f3n:<\/strong> Requisito m\u00ednimo para el ejercicio profesional de la Naturopat\u00eda.<\/li><\/ul><\/li><\/ol><p>\u00a0<\/p><ol><li><strong>Segundo Ciclo (M\u00e1ster):<\/strong><ul><li><strong>Funci\u00f3n:<\/strong> Profundizar y especializar el conocimiento, orient\u00e1ndolo a la investigaci\u00f3n o a campos cl\u00ednicos avanzados (e.g., especializaciones en Nutrigen\u00f3mica y Herbogen\u00f3mica, Oncolog\u00eda Naturop\u00e1tica, Naturopat\u00eda Senol\u00edtica, Naturopat\u00eda Perinatal, Naturopat\u00eda Femenina\u2026).<\/li><li><strong>Valor Estrat\u00e9gico:<\/strong> Aporta un nivel de cualificaci\u00f3n superior y mejora la competitividad del profesional Natur\u00f3pata.<\/li><\/ul><\/li><\/ol><p>\u00a0<\/p><ol><li><strong>Tercer Ciclo (Doctorado):<\/strong><ul><li><strong>Funci\u00f3n:<\/strong> Orientado a la investigaci\u00f3n de alto nivel y a la generaci\u00f3n de nuevo conocimiento en el campo de la Naturopat\u00eda.<\/li><li><strong>Impacto Acad\u00e9mico:<\/strong> Imprescindible para la integraci\u00f3n de la Naturopat\u00eda en el \u00e1mbito acad\u00e9mico y cient\u00edfico.<\/li><\/ul><\/li><\/ol><p>\u00a0<\/p><p>\u00a0<\/p><p>\u00a0<\/p><p>\u00a0<\/p><p><strong>A.2. El Sistema Europeo de Transferencia y Acumulaci\u00f3n de Cr\u00e9ditos (ECTS)<\/strong><\/p><p>\u00a0<\/p><p>El <strong>Sistema Europeo de Transferencia y Acumulaci\u00f3n de Cr\u00e9ditos (ECTS)<\/strong> es fundamental, ya que permite medir la carga de trabajo del estudiante y asegura que la cualificaci\u00f3n obtenida en un pa\u00eds sea directamente comparable y acumulable en cualquier otro Estado miembro del EEES. CEPRONA impulsa la definici\u00f3n de un curr\u00edculum Naturop\u00e1tico con un n\u00famero de ECTS acordado para garantizar la equivalencia. El cr\u00e9dito ECTS es la piedra angular del EEES, ya que mide la carga de trabajo del estudiante (clases, pr\u00e1cticas, estudio personal) necesaria para alcanzar los objetivos de un programa de estudios.<\/p><p>\u00a0<\/p><ul><li><strong>Definici\u00f3n Estrat\u00e9gica:<\/strong> CEPRONA establece que la carga acad\u00e9mica de la formaci\u00f3n Naturop\u00e1tica de Grado debe equivaler a un n\u00famero espec\u00edfico de cr\u00e9ditos ECTS (generalmente 180 ECTS o 240 ECTS, seg\u00fan la duraci\u00f3n de la formaci\u00f3n), garantizando as\u00ed que la cualificaci\u00f3n de un Natur\u00f3pata sea comparable a otros t\u00edtulos universitarios europeos.<\/li><li><strong>Movilidad y Transferencia:<\/strong> El ECTS permite que un estudiante de Naturopat\u00eda pueda realizar parte de su formaci\u00f3n en otro pa\u00eds o centro adherido al EEES, y que esos cr\u00e9ditos sean reconocidos autom\u00e1ticamente, favoreciendo la estandarizaci\u00f3n curricular.<\/li><\/ul><p>\u00a0<\/p><ol><li><strong>b) <\/strong><strong>El Enfoque en el Estudiante y las Competencias Profesionales<\/strong><\/li><\/ol><p>\u00a0<\/p><p>Bolonia traslada el foco de la ense\u00f1anza centrada en el profesor a una <strong>centrada en el aprendizaje del alumnado<\/strong>. Esto implica la definici\u00f3n clara de las <strong>Competencias Profesionales<\/strong> que un Natur\u00f3pata debe adquirir. La formaci\u00f3n debe garantizar:<\/p><p>\u00a0<\/p><ul><li>El dominio de la filosof\u00eda, principios y m\u00e9todos Naturop\u00e1ticos.<\/li><li>Conocimiento y juicio cl\u00ednico en ciencias de la salud (Biomedicina).<\/li><li>Habilidades pr\u00e1cticas para la consulta, la evaluaci\u00f3n y la aplicaci\u00f3n segura de m\u00e9todos naturales.<\/li><li>\u00c9nfasis en la investigaci\u00f3n y la pr\u00e1ctica basada en la evidencia (o en la praxis cl\u00ednica sistematizada).<\/li><\/ul><p><strong>\u00a0<\/strong><\/p><ol><li><strong>c) Garant\u00eda de Calidad y Transparencia<\/strong><\/li><\/ol><p>\u00a0<\/p><p>Bolonia exige sistemas rigurosos de <strong>Garant\u00eda de Calidad<\/strong>. Esto implica que los programas de formaci\u00f3n Naturop\u00e1tica deben:<\/p><p>\u00a0<\/p><ol><li>Definir objetivos claros de aprendizaje y competencias profesionales.<\/li><li>Ser evaluados peri\u00f3dicamente por agencias de calidad externas e independientes.<\/li><li>Utilizar el <strong>Suplemento Europeo al T\u00edtulo (SET)<\/strong>, un documento adjunto que describe la naturaleza, nivel, contexto, contenido y estado de los estudios completados por el titular, asegurando la transparencia total del t\u00edtulo de Natur\u00f3pata.<\/li><\/ol>\t\t\t\t\t\t\t\t<\/div>\n\t\t\t\t<\/div>\n\t\t\t\t\t<\/div>\n\t\t\t\t<\/div>\n\t\t\t\t<\/div>\n\t\t\t\t\t<\/details>\n\t\t\t\t\t\t<details id=\"e-n-accordion-item-1093\" class=\"e-n-accordion-item\" >\n\t\t\t\t<summary class=\"e-n-accordion-item-title\" data-accordion-index=\"4\" tabindex=\"-1\" aria-expanded=\"false\" aria-controls=\"e-n-accordion-item-1093\" >\n\t\t\t\t\t<span class='e-n-accordion-item-title-header'><div class=\"e-n-accordion-item-title-text\"> 4. Impacto Estrat\u00e9gico en la Profesi\u00f3n Naturop\u00e1tica Europea <\/div><\/span>\n\t\t\t\t\t\t\t<span class='e-n-accordion-item-title-icon'>\n\t\t\t<span class='e-opened' ><i aria-hidden=\"true\" class=\"fas fa-minus\"><\/i><\/span>\n\t\t\t<span class='e-closed'><i aria-hidden=\"true\" class=\"fas fa-plus\"><\/i><\/span>\n\t\t<\/span>\n\n\t\t\t\t\t\t<\/summary>\n\t\t\t\t<div role=\"region\" aria-labelledby=\"e-n-accordion-item-1093\" class=\"elementor-element elementor-element-820a323 e-flex e-con-boxed e-con e-child\" data-id=\"820a323\" data-element_type=\"container\">\n\t\t\t\t\t<div class=\"e-con-inner\">\n\t\t<div role=\"region\" aria-labelledby=\"e-n-accordion-item-1093\" class=\"elementor-element elementor-element-6d53658 e-con-full e-flex e-con e-child\" data-id=\"6d53658\" data-element_type=\"container\">\n\t\t\t\t<div class=\"elementor-element elementor-element-62b804f elementor-widget elementor-widget-text-editor\" data-id=\"62b804f\" data-element_type=\"widget\" data-widget_type=\"text-editor.default\">\n\t\t\t\t<div class=\"elementor-widget-container\">\n\t\t\t\t\t\t\t\t\t<p>La integraci\u00f3n de la formaci\u00f3n Naturop\u00e1tica en el marco del EEES tiene un impacto transformador:<\/p><p>\u00a0<\/p><table><tbody><tr><td><p><strong>Objetivo de Bolonia<\/strong><\/p><\/td><td><p><strong>Impacto Directo en la Naturopat\u00eda<\/strong><\/p><\/td><\/tr><tr><td><p><strong>Reconocimiento Mutuo<\/strong><\/p><\/td><td><p>Los t\u00edtulos de Naturopat\u00eda obtenidos en un Estado miembro ser\u00e1n autom\u00e1ticamente m\u00e1s reconocibles en otros, facilitando la homologaci\u00f3n profesional.<\/p><\/td><\/tr><tr><td><p><strong>Garant\u00eda de Calidad<\/strong><\/p><\/td><td><p>La implementaci\u00f3n de agencias y procesos de evaluaci\u00f3n de calidad asegurar\u00e1 que las instituciones Naturop\u00e1ticas cumplan con los m\u00e1s altos est\u00e1ndares europeos de formaci\u00f3n.<\/p><\/td><\/tr><tr><td><p><strong>Movilidad Profesional<\/strong><\/p><\/td><td><p>Facilitar\u00e1 a los Natur\u00f3patas europeos ejercer su profesi\u00f3n en diferentes pa\u00edses, promoviendo el intercambio de mejores pr\u00e1cticas cl\u00ednicas y acad\u00e9micas.<\/p><\/td><\/tr><tr><td><p><strong>Mayor Empleabilidad<\/strong><\/p><\/td><td><p>El enfoque en la adquisici\u00f3n de competencias profesionales y las pr\u00e1cticas cl\u00ednicas obligatorias mejorar\u00e1 la conexi\u00f3n entre la formaci\u00f3n Naturop\u00e1tica y las demandas del mercado sanitario.<\/p><\/td><\/tr><\/tbody><\/table>\t\t\t\t\t\t\t\t<\/div>\n\t\t\t\t<\/div>\n\t\t\t\t<\/div>\n\t\t\t\t\t<\/div>\n\t\t\t\t<\/div>\n\t\t\t\t\t<\/details>\n\t\t\t\t\t\t<details id=\"e-n-accordion-item-1094\" class=\"e-n-accordion-item\" >\n\t\t\t\t<summary class=\"e-n-accordion-item-title\" data-accordion-index=\"5\" tabindex=\"-1\" aria-expanded=\"false\" aria-controls=\"e-n-accordion-item-1094\" >\n\t\t\t\t\t<span class='e-n-accordion-item-title-header'><div class=\"e-n-accordion-item-title-text\"> 5. Conclusi\u00f3n: El Natur\u00f3pata como Profesional Europeo <\/div><\/span>\n\t\t\t\t\t\t\t<span class='e-n-accordion-item-title-icon'>\n\t\t\t<span class='e-opened' ><i aria-hidden=\"true\" class=\"fas fa-minus\"><\/i><\/span>\n\t\t\t<span class='e-closed'><i aria-hidden=\"true\" class=\"fas fa-plus\"><\/i><\/span>\n\t\t<\/span>\n\n\t\t\t\t\t\t<\/summary>\n\t\t\t\t<div role=\"region\" aria-labelledby=\"e-n-accordion-item-1094\" class=\"elementor-element elementor-element-275403a e-flex e-con-boxed e-con e-child\" data-id=\"275403a\" data-element_type=\"container\">\n\t\t\t\t\t<div class=\"e-con-inner\">\n\t\t<div role=\"region\" aria-labelledby=\"e-n-accordion-item-1094\" class=\"elementor-element elementor-element-f5278d4 e-con-full e-flex e-con e-child\" data-id=\"f5278d4\" data-element_type=\"container\">\n\t\t\t\t<div class=\"elementor-element elementor-element-94ecdf4 elementor-widget elementor-widget-text-editor\" data-id=\"94ecdf4\" data-element_type=\"widget\" data-widget_type=\"text-editor.default\">\n\t\t\t\t<div class=\"elementor-widget-container\">\n\t\t\t\t\t\t\t\t\t<p>El Acuerdo de Bolonia ofrece a la Naturopat\u00eda la estructura, la metodolog\u00eda y el lenguaje com\u00fan necesarios para trascender las barreras nacionales y consolidarse como una profesi\u00f3n sanitaria reconocida y respetada en todo el continente.<\/p>\n<p>La plena alineaci\u00f3n de la formaci\u00f3n Naturop\u00e1tica con el Proceso de Bolonia es innegociable para el futuro de la profesi\u00f3n. Al adoptar la estructura de ciclos, el sistema ECTS y los mecanismos de aseguramiento de la calidad, CEPRONA no solo promueve un est\u00e1ndar de excelencia, sino que dota al Natur\u00f3pata de un <strong>pasaporte profesional<\/strong> reconocido y respetado en los 49 pa\u00edses que conforman el Espacio Europeo de Educaci\u00f3n Superior.<\/p><p><br><\/p>\n<p><strong>CEPRONA insta a todas las organizaciones Naturop\u00e1ticas miembros y a los centros de formaci\u00f3n a adoptar y alinear sus programas educativos con los requerimientos del EEES<\/strong>, especialmente en lo referente al sistema ECTS, la estructura de ciclos y los marcos de aseguramiento de la calidad. Solo a trav\u00e9s de esta armonizaci\u00f3n rigurosa podremos asegurar que el t\u00edtulo de Natur\u00f3pata sea un pasaporte profesional v\u00e1lido y de prestigio en toda Europa.<\/p><p><br><\/p>\n<p><strong><em>El compromiso con Bolonia es el compromiso con la libre circulaci\u00f3n y el reconocimiento de la Naturopat\u00eda como una profesi\u00f3n sanitaria esencial en Europa.<\/em><\/strong><\/p>\t\t\t\t\t\t\t\t<\/div>\n\t\t\t\t<\/div>\n\t\t\t\t<\/div>\n\t\t\t\t\t<\/div>\n\t\t\t\t<\/div>\n\t\t\t\t\t<\/details>\n\t\t\t\t\t<\/div>\n\t\t\t\t\t\t<\/div>\n\t\t\t\t<\/div>\n\t\t\t\t\t<\/div>\n\t\t\t\t<\/div>\n\t\t\t\t<\/div>\n\t\t","protected":false},"excerpt":{"rendered":"<p>Estrategia de Armonizaci\u00f3n Formativa: La Naturopat\u00eda y el Espacio Europeo de Educaci\u00f3n Superior (EEES) Documento de Posici\u00f3n del Comit\u00e9 Europeo [&hellip;]<\/p>\n","protected":false},"author":1,"featured_media":0,"parent":61536,"menu_order":0,"comment_status":"closed","ping_status":"closed","template":"","meta":{"site-sidebar-layout":"no-sidebar","site-content-layout":"","ast-site-content-layout":"full-width-container","site-content-style":"default","site-sidebar-style":"default","ast-global-header-display":"","ast-banner-title-visibility":"","ast-main-header-display":"","ast-hfb-above-header-display":"","ast-hfb-below-header-display":"","ast-hfb-mobile-header-display":"","site-post-title":"disabled","ast-breadcrumbs-content":"","ast-featured-img":"disabled","footer-sml-layout":"","theme-transparent-header-meta":"","adv-header-id-meta":"","stick-header-meta":"","header-above-stick-meta":"","header-main-stick-meta":"","header-below-stick-meta":"","astra-migrate-meta-layouts":"default","ast-page-background-enabled":"default","ast-page-background-meta":{"desktop":{"background-color":"var(--ast-global-color-5)","background-image":"","background-repeat":"repeat","background-position":"center center","background-size":"auto","background-attachment":"scroll","background-type":"","background-media":"","overlay-type":"","overlay-color":"","overlay-opacity":"","overlay-gradient":""},"tablet":{"background-color":"","background-image":"","background-repeat":"repeat","background-position":"center center","background-size":"auto","background-attachment":"scroll","background-type":"","background-media":"","overlay-type":"","overlay-color":"","overlay-opacity":"","overlay-gradient":""},"mobile":{"background-color":"","background-image":"","background-repeat":"repeat","background-position":"center center","background-size":"auto","background-attachment":"scroll","background-type":"","background-media":"","overlay-type":"","overlay-color":"","overlay-opacity":"","overlay-gradient":""}},"ast-content-background-meta":{"desktop":{"background-color":"var(--ast-global-color-4)","background-image":"","background-repeat":"repeat","background-position":"center center","background-size":"auto","background-attachment":"scroll","background-type":"","background-media":"","overlay-type":"","overlay-color":"","overlay-opacity":"","overlay-gradient":""},"tablet":{"background-color":"var(--ast-global-color-4)","background-image":"","background-repeat":"repeat","background-position":"center center","background-size":"auto","background-attachment":"scroll","background-type":"","background-media":"","overlay-type":"","overlay-color":"","overlay-opacity":"","overlay-gradient":""},"mobile":{"background-color":"var(--ast-global-color-4)","background-image":"","background-repeat":"repeat","background-position":"center center","background-size":"auto","background-attachment":"scroll","background-type":"","background-media":"","overlay-type":"","overlay-color":"","overlay-opacity":"","overlay-gradient":""}},"footnotes":""},"class_list":["post-61582","page","type-page","status-publish","hentry"],"_links":{"self":[{"href":"https:\/\/european-naturopathic-congress.com\/index.php\/wp-json\/wp\/v2\/pages\/61582","targetHints":{"allow":["GET"]}}],"collection":[{"href":"https:\/\/european-naturopathic-congress.com\/index.php\/wp-json\/wp\/v2\/pages"}],"about":[{"href":"https:\/\/european-naturopathic-congress.com\/index.php\/wp-json\/wp\/v2\/types\/page"}],"author":[{"embeddable":true,"href":"https:\/\/european-naturopathic-congress.com\/index.php\/wp-json\/wp\/v2\/users\/1"}],"replies":[{"embeddable":true,"href":"https:\/\/european-naturopathic-congress.com\/index.php\/wp-json\/wp\/v2\/comments?post=61582"}],"version-history":[{"count":34,"href":"https:\/\/european-naturopathic-congress.com\/index.php\/wp-json\/wp\/v2\/pages\/61582\/revisions"}],"predecessor-version":[{"id":61633,"href":"https:\/\/european-naturopathic-congress.com\/index.php\/wp-json\/wp\/v2\/pages\/61582\/revisions\/61633"}],"up":[{"embeddable":true,"href":"https:\/\/european-naturopathic-congress.com\/index.php\/wp-json\/wp\/v2\/pages\/61536"}],"wp:attachment":[{"href":"https:\/\/european-naturopathic-congress.com\/index.php\/wp-json\/wp\/v2\/media?parent=61582"}],"curies":[{"name":"wp","href":"https:\/\/api.w.org\/{rel}","templated":true}]}}